{"id":14407,"date":"2024-04-08T18:12:33","date_gmt":"2024-04-08T21:12:33","guid":{"rendered":"https:\/\/sindhosfran.org.br\/?page_id=14407"},"modified":"2024-04-08T18:13:22","modified_gmt":"2024-04-08T21:13:22","slug":"palavra","status":"publish","type":"page","link":"https:\/\/sindhosfran.org.br\/index.php\/palavra\/","title":{"rendered":"Palavrado Presidente"},"content":{"rendered":"\t\t<div data-elementor-type=\"wp-page\" data-elementor-id=\"14407\" class=\"elementor elementor-14407\" data-elementor-post-type=\"page\">\n\t\t\t\t<div class=\"elementor-element elementor-element-0bad5d0 e-flex e-con-boxed e-con e-parent\" data-id=\"0bad5d0\" data-element_type=\"container\" data-settings=\"{&quot;content_width&quot;:&quot;boxed&quot;}\" data-core-v316-plus=\"true\">\n\t\t\t\t\t<div class=\"e-con-inner\">\n\t\t\t\t<div class=\"elementor-element elementor-element-0afd84e elementor-widget elementor-widget-text-editor\" data-id=\"0afd84e\" data-element_type=\"widget\" data-widget_type=\"text-editor.default\">\n\t\t\t\t<div class=\"elementor-widget-container\">\n\t\t\t<style>\/*! elementor - v3.19.0 - 29-01-2024 *\/\n.elementor-widget-text-editor.elementor-drop-cap-view-stacked .elementor-drop-cap{background-color:#69727d;color:#fff}.elementor-widget-text-editor.elementor-drop-cap-view-framed .elementor-drop-cap{color:#69727d;border:3px solid;background-color:transparent}.elementor-widget-text-editor:not(.elementor-drop-cap-view-default) .elementor-drop-cap{margin-top:8px}.elementor-widget-text-editor:not(.elementor-drop-cap-view-default) .elementor-drop-cap-letter{width:1em;height:1em}.elementor-widget-text-editor .elementor-drop-cap{float:left;text-align:center;line-height:1;font-size:50px}.elementor-widget-text-editor .elementor-drop-cap-letter{display:inline-block}<\/style>\t\t\t\t<p><strong>Colegas representantes e membros do SINDHOSFRAN,<\/strong><\/p><p>\u00c9 com grande responsabilidade e compromisso que nos reunimos hoje para reiterar nosso comprometimento com o desenvolvimento e fortalecimento do setor de sa\u00fade em nossa regi\u00e3o. Reconhecemos os desafios enfrentados pelas institui\u00e7\u00f5es de sa\u00fade e estamos aqui para apoiar e defender seus interesses.<\/p><p>Nossa miss\u00e3o \u00e9 promover um ambiente favor\u00e1vel ao crescimento e \u00e0 qualidade dos servi\u00e7os prestados por hospitais, cl\u00ednicas na regi\u00e3o.<\/p><p>\u00a0Trabalhamos em conjunto com nossos associados para garantir melhores condi\u00e7\u00f5es operacionais, seguran\u00e7a jur\u00eddica e competitividade no mercado.<\/p><p>Sabemos da import\u00e2ncia de uma atua\u00e7\u00e3o estrat\u00e9gica e colaborativa para enfrentar os desafios do setor, especialmente em tempos de transforma\u00e7\u00f5es r\u00e1pidas e exig\u00eancias crescentes.<\/p><p>Estamos comprometidos em buscar solu\u00e7\u00f5es eficazes e promover o desenvolvimento sustent\u00e1vel de nossas institui\u00e7\u00f5es.<\/p><p>Agradecemos a confian\u00e7a e o apoio de todos os nossos associados.<\/p><p>\u00a0Juntos, continuaremos construindo um ambiente empresarial saud\u00e1vel e pr\u00f3spero para o setor de sa\u00fade em nossa regi\u00e3o.<\/p><p>Contem conosco para representar e defender os interesses do setor.<\/p><p>Muito obrigado, DALMIR FLOR\u00caNCIO PEDRA, PRESIDENTE SINDHOSFRAN<\/p><p>\u00a0<\/p><p>\u00a0<\/p>\t\t\t\t\t\t<\/div>\n\t\t\t\t<\/div>\n\t\t\t\t\t<\/div>\n\t\t\t\t<\/div>\n\t\t\t\t<\/div>\n\t\t","protected":false},"excerpt":{"rendered":"<p>Colegas representantes e membros do SINDHOSFRAN, \u00c9 com grande responsabilidade e compromisso que nos reunimos hoje para reiterar nosso comprometimento com o desenvolvimento e fortalecimento do setor de sa\u00fade em nossa regi\u00e3o. Reconhecemos os desafios enfrentados pelas institui\u00e7\u00f5es de sa\u00fade e estamos aqui para apoiar e defender seus interesses. Nossa miss\u00e3o \u00e9 promover um ambiente&#8230;<\/p>\n","protected":false},"author":1,"featured_media":0,"parent":0,"menu_order":0,"comment_status":"closed","ping_status":"closed","template":"","meta":{"footnotes":""},"class_list":["post-14407","page","type-page","status-publish","hentry"],"_links":{"self":[{"href":"https:\/\/sindhosfran.org.br\/index.php\/wp-json\/wp\/v2\/pages\/14407"}],"collection":[{"href":"https:\/\/sindhosfran.org.br\/index.php\/wp-json\/wp\/v2\/pages"}],"about":[{"href":"https:\/\/sindhosfran.org.br\/index.php\/wp-json\/wp\/v2\/types\/page"}],"author":[{"embeddable":true,"href":"https:\/\/sindhosfran.org.br\/index.php\/wp-json\/wp\/v2\/users\/1"}],"replies":[{"embeddable":true,"href":"https:\/\/sindhosfran.org.br\/index.php\/wp-json\/wp\/v2\/comments?post=14407"}],"version-history":[{"count":7,"href":"https:\/\/sindhosfran.org.br\/index.php\/wp-json\/wp\/v2\/pages\/14407\/revisions"}],"predecessor-version":[{"id":14414,"href":"https:\/\/sindhosfran.org.br\/index.php\/wp-json\/wp\/v2\/pages\/14407\/revisions\/14414"}],"wp:attachment":[{"href":"https:\/\/sindhosfran.org.br\/index.php\/wp-json\/wp\/v2\/media?parent=14407"}],"curies":[{"name":"wp","href":"https:\/\/api.w.org\/{rel}","templated":true}]}}